
True
Is 106459 composite?
True
Is 39133 composite?
False
Is 8663 a prime number?
True
Is 7967 a prime number?
False
Is 33313 composite?
True
Is 5999 composite?
True
Is 5981 composite?
False
Is 65777 prime?
True
Is 7297 prime?
True
Is 179611 a prime number?
False
Is 120617 prime?
False
Is 5049959 a composite number?
False
Is 5917 a prime number?
False
Is 122443 a composite number?
False
Is 150949 a composite number?
True
Is 17783 a prime number?
True
Is 1660837 prime?
True
Is 8267 a prime number?
False
Is 111029 a prime number?
True
Is 78017 a composite number?
False
Is 91331 a composite number?
False
Is 701907 a composite number?
True
Is 47191 a prime number?
False
Is 59263 composite?
False
Is 8999 a prime number?
True
Is 42311 a prime number?
False
Is 185439 prime?
False
Is 72859 a composite number?
False
Is 68633 prime?
True
Is 3967 composite?
False
Is 29081 a composite number?
True
Is 49211 prime?
True
Is 292191 prime?
False
Is 587 composite?
False
Is 167593 prime?
True
Is 30791 prime?
False
Is 182387 composite?
False
Is 386621 a prime number?
True
Is 8419 composite?
False
Is 62891 a prime number?
False
Is 9127 a composite number?
False
Is 319099 a prime number?
False
Is 4007 a composite number?
False
Is 756683 prime?
True
Is 101051 prime?
True
Is 62427 prime?
False
Is 305063 a prime number?
False
Is 1343 a prime number?
False
Is 173051 a prime number?
False
Is 117901 a composite number?
True
Is 46589 prime?
True
Is 178013 composite?
True
Is 359353 a composite number?
False
Is 74597 prime?
True
Is 8251 composite?
True
Is 719429 a composite number?
True
Is 3833 a composite number?
False
Is 140603 a composite number?
False
Is 35567 a composite number?
True
Is 74807 prime?
False
Is 108257 a composite number?
True
Is 2153 a prime number?
True
Is 40739 a prime number?
True
Is 11771 a prime number?
False
Is 1384013 a prime number?
True
Is 1645549 a composite number?
True
Is 7669 prime?
True
Is 4409 composite?
False
Is 1029731 composite?
False
Is 2589537 a composite number?
True
Is 1425859 a prime number?
False
Is 1609739 prime?
True
Is 3821 a prime number?
True
Is 43107 a prime number?
False
Is 272339 a prime number?
False
Is 2053 prime?
True
Is 346273 prime?
False
Is 213259 prime?
False
Is 293 prime?
True
Is 3787 a composite number?
True
Is 22657 composite?
True
Is 6202715 a composite number?
True
Is 289687 a composite number?
True
Is 8185 a prime number?
False
Is 42263 a composite number?
True
Is 485479 prime?
True
Is 183691 composite?
False
Is 1207 a composite number?
True
Is 14173 a prime number?
True
Is 7781 prime?
False
Is 26327 composite?
True
Is 28277 a prime number?
True
Is 22343 composite?
False
Is 18254 prime?
False
Is 30577 composite?
False
Is 2261359 composite?
True
Is 466061 composite?
False
Is 20681 prime?
True
Is 58363 a prime number?
True
Is 83309 a prime number?
False
Is 26597 a composite number?
False
Is 35419 a composite number?
False
Is 2669 a prime number?
False
Is 7039 a prime number?
True
Is 1102309 composite?
True
Is 1007 a prime number?
False
Is 1319 a composite number?
False
Is 5381 a composite number?
False
Is 262835 composite?
True
Is 634079 prime?
True
Is 2201707 composite?
False
Is 102551 composite?
False
Is 2615651 composite?
False
Is 15787 a composite number?
False
Is 862861 a composite number?
False
Is 19121 composite?
False
Is 23367 prime?
False
Is 875711 prime?
True
Is 169199 composite?
False
Is 9199 prime?
True
Is 61853 composite?
True
Is 922397 composite?
True
Is 126601 composite?
False
Is 21178 composite?
True
Is 52103 prime?
True
Is 136487 prime?
False
Is 6947 a composite number?
False
Is 36317 composite?
True
Is 5147 a prime number?
True
Is 37579 composite?
False
Is 2503 a composite number?
False
Is 1049 composite?
False
Is 985029 a prime number?
False
Is 1073 a prime number?
False
Is 55753 composite?
True
Is 139681 a composite number?
False
Is 82939 a composite number?
False
Is 1643 a composite number?
True
Is 1151 a composite number?
False
Is 46045 prime?
False
Is 50621 composite?
True
Is 15501 prime?
False
Is 106499 composite?
True
Is 17077 a prime number?
True
Is 139 a prime number?
True
Is 126241 a prime number?
True
Is 9199 prime?
True
Is 672557 prime?
True
Is 200569 prime?
True
Is 549463 a composite number?
True
Is 20437 a composite number?
True
Is 430801 a composite number?
True
Is 99263 prime?
False
Is 513965 prime?
False
Is 121259 a prime number?
True
Is 204431 composite?
False
Is 483911 composite?
True
Is 168559 a prime number?
True
Is 1848551 a prime number?
True
Is 57269 a composite number?
False
Is 17747 composite?
False
Is 463609 prime?
False
Is 1347227 a composite number?
True
Is 2321 prime?
False
Is 449219 prime?
False
Is 28073 composite?
True
Is 10639 a prime number?
True
Is 36601 composite?
True
Is 1219 a prime number?
False
Is 7817 a composite number?
False
Is 100249 a composite number?
True
Is 911413 prime?
True
Is 68779 a prime number?
False
Is 62963 prime?
False
Is 1527 a composite number?
True
Is 1486181 composite?
False
Is 30543 a composite number?
True
Is 2047 prime?
False
Is 142141 a prime number?
False
Is 3107 a composite number?
True
Is 13907 prime?
True
Is 30757 composite?
False
Is 27581 prime?
True
Is 614191 prime?
False
Is 23105 prime?
False
Is 140135 a prime number?
False
Is 160049 a composite number?
False
Is 15339 composite?
True
Is 34423 a composite number?
True
Is 391015 prime?
False
Is 2846 a composite number?
True
Is 154319 a prime number?
False
Is 745 a prime number?
False
Is 30215 a composite number?
True
Is 8123 a prime number?
True
Is 245711 prime?
True
Is 8369 prime?
True
Is 173237 prime?
False
Is 159389 a prime number?
True
Is 62801 a prime number?
True
Is 487 composite?
False
Is 187571 composite?
True
Is 202469 a composite number?
True
Is 17707 composite?
False
Is 1206973 a prime number?
True
Is 4589 prime?
False
Is 834377 composite?
True
Is 81001 composite?
False
Is 9587 a composite number?
False
Is 4986917 prime?
False
Is 11369 prime?
True
Is 6533 composite?
True
Is 81599 prime?
False
Is 42043 a composite number?
False
Is 4387 a prime number?
False
Is 12394 a prime number?
False
Is 162053 a prime number?
True
Is 33739 composite?
False
Is 23419 a composite number?
True
Is 1594631 prime?
True
Is 210473 composite?
True
Is 2672557 composite?
False
Is 130049 composite?
True
Is 22429 prime?
False
Is 8657 composite?
True
Is 717 a composite number?
True
Is 194929 composite?
True
Is 66221 prime?
True
Is 81817 prime?
True
Is 21247 a prime number?
True
Is 4861 a prime number?
True
Is 34517 prime?
False
Is 2631 a composite number?
True
Is 15419 composite?
True
Is 892223 prime?
False
Is 3079 prime?
True
Is 49331 a composite number?
False
Is 1228987 prime?
True
Is 4327 a composite number?
False
Is 393 a prime number?
False
Is 342349 a composite number?
True
Is 81343 a prime number?
True
Is 2174 a prime number?
False
Is 2477 a prime number?
True
Is 23614 a composite number?
True
Is 108727 a composite number?
False
Is 51787 a composite number?
False
Is 14087 a prime number?
True
Is 331981 prime?
False
Is 1839 a prime number?
False
Is 47249 a prime number?
False
Is 15119 prime?
False
Is 422687 a prime number?
False
Is 120811 prime?
True
Is 2317 prime?
False
Is 63233 composite?
True
Is 11789 a prime number?
True
Is 250871 a composite number?
False
Is 23251 a composite number?
False
Is 553 a composite number?
True
Is 23 composite?
False
Is 17137 prime?
True
Is 1531 composite?
False
Is 481 prime?
False
Is 28789 a prime number?
True
Is 203531 prime?
True
Is 211493 prime?
True
Is 29363 a prime number?
True
Is 11747 composite?
True
Is 27329 a prime number?
True
Is 7261 a prime number?
False
Is 43467 prime?
False
Is 109447 prime?
False
Is 250583 a prime number?
True
Is 33574 prime?
False
Is 268189 composite?
False
Is 57347 composite?
False
Is 1407793 prime?
True
Is 61001 prime?
True
Is 226253 a composite number?
True
Is 100267 a composite number?
False
Is 877 composite?
False
Is 1279459 a composite number?
False
Is 29217 prime?
False
Is 3482 prime?
False
Is 546179 a composite number?
False
Is 8849 a prime number?
True
Is 1601 composite?
False
Is 514 a prime number?
False
Is 16729 a prime number?
True
Is 291 composite?
True
Is 735409 a prime number?
False
Is 358531 a composite 